hat is the hundreds digit of 129961?
9
What is the hundreds digit of 8561?
5
What is the tens digit of 12614?
1
What is the thousands digit of 3141?
3
What is the hundreds digit of 309?
3
What is the units digit of 574?
4
What is the thousands digit of 8161?
8
What is the tens digit of 3347?
4
What is the thousands digit of 1165?
1
What is the tens digit of 17889?
8
What is the tens digit of 3951?
5
What is the hundreds digit of 24135?
1
What is the tens digit of 4287?
8
What is the tens digit of 17005?
0
What is the tens digit of 16273?
7
What is the hundreds digit of 16178?
1
What is the thousands digit of 40817?
0
What is the units digit of 672?
2
What is the hundreds digit of 20863?
8
What is the hundreds digit of 1368?
3
What is the units digit of 3661?
1
What is the tens digit of 5732?
3
What is the hundreds digit of 19973?
9
What is the thousands digit of 12305?
2
What is the ten thousands digit of 12318?
1
What is the units digit of 273?
3
What is the tens digit of 10451?
5
What is the hundreds digit of 847?
8
What is the tens digit of 59221?
2
What is the tens digit of 5743?
4
What is the units digit of 2467?
7
What is the tens digit of 11822?
2
What is the thousands digit of 3670?
3
What is the tens digit of 532?
3
What is the units digit of 711?
1
What is the units digit of 138103?
3
What is the tens digit of 58570?
7
What is the units digit of 705?
5
What is the units digit of 927?
7
What is the ten thousands digit of 47570?
4
What is the hundreds digit of 1634?
6
What is the hundreds digit of 1324?
3
What is the units digit of 80107?
7
What is the units digit of 684?
4
What is the hundreds digit of 5925?
9
What is the tens digit of 69?
6
What is the hundreds digit of 636?
6
What is the thousands digit of 9520?
9
What is the thousands digit of 2388?
2
What is the units digit of 50850?
0
What is the units digit of 12622?
2
What is the thousands digit of 32042?
2
What is the thousands digit of 1421?
1
What is the tens digit of 35429?
2
What is the units digit of 91209?
9
What is the units digit of 199?
9
What is the thousands digit of 1853?
1
What is the tens digit of 31290?
9
What is the tens digit of 1157?
5
What is the hundreds digit of 6756?
7
What is the tens digit of 370?
7
What is the hundreds digit of 140657?
6
What is the tens digit of 8717?
1
What is the units digit of 1146?
6
What is the tens digit of 16407?
0
What is the hundreds digit of 7176?
1
What is the thousands digit of 42832?
2
What is the tens digit of 44002?
0
What is the units digit of 9697?
7
What is the thousands digit of 5015?
5
What is the hundreds digit of 134668?
6
What is the units digit of 4391?
1
What is the tens digit of 1286?
8
What is the units digit of 11269?
9
What is the thousands digit of 8541?
8
What is the hundreds digit of 2530?
5
What is the tens digit of 1356?
5
What is the thousands digit of 8258?
8
What is the ten thousands digit of 12223?
1
What is the tens digit of 294?
9
What is the hundreds digit of 4198?
1
What is the tens digit of 20664?
6
What is the ten thousands digit of 14506?
1
What is the hundreds digit of 4570?
5
What is the thousands digit of 5798?
5
What is the hundreds digit of 7858?
8
What is the units digit of 375?
5
What is the ten thousands digit of 52875?
5
What is the units digit of 118?
8
What is the thousands digit of 5977?
5
What is the units digit of 32291?
1
What is the ten thousands digit of 16430?
1
What is the thousands digit of 67300?
7
What is the hundreds digit of 581?
5
What is the units digit of 10856?
6
What is the units digit of 3494?
4
What is the hundreds digit of 4915?
9
What is the units digit of 1762?
2
What is the tens digit of 295?
9
What is the tens digit of 2752?
5
What is the tens digit of 71?
7
What is the units digit of 3767?
7
What is the units digit of 27747?
7
What is the hundreds digit of 5108?
1
What is the tens digit of 2325?
2
What is the units digit of 1578?
8
What is the tens digit of 1541?
4
What is the ten thousands digit of 15038?
1
What is the tens digit of 7140?
4
What is the hundreds digit of 18639?
6
What is the units digit of 5241?
1
What is the units digit of 25?
5
What is the thousands digit of 6526?
6
What is the hundreds digit of 109838?
8
What is the hundreds digit of 789?
7
What is the hundreds digit of 40606?
6
What is the tens digit of 7054?
5
What is the hundreds digit of 13889?
8
What is the hundreds digit of 2295?
2
What is the units digit of 27420?
0
What is the thousands digit of 12329?
2
What is the units digit of 19872?
2
What is the tens digit of 71482?
8
What is the units digit of 5209?
9
What is the tens digit of 800?
0
What is the thousands digit of 8572?
8
What is the hundreds digit of 2381?
3
What is the units digit of 121?
1
What is the thousands digit of 1254?
1
What is the units digit of 10012?
2
What is the thousands digit of 76499?
6
What is the thousands digit of 17231?
7
What is the tens digit of 20436?
3
What is the thousands digit of 2372?
2
What is the units digit of 636?
6
What is the units digit of 6524?
4
What is the units digit of 3223?
3
What is the hundreds digit of 43599?
5
What is the units digit of 703?
3
What is the ten thousands digit of 14552?
1
What is the thousands digit of 66907?
6
What is the units digit of 15?
5
What is the tens digit of 2588?
8
What is the units digit of 561?
1
What is the thousands digit of 40785?
0
What is the hundreds digit of 171620?
6
What is the tens digit of 560?
6
What is the tens digit of 19832?
3
What is the hundreds digit of 5269?
2
What is the hundreds digit of 183?
1
What is the thousands digit of 1205?
1
What is the units digit of 1412?
2
What is the ten thousands digit of 13672?
1
What is the hundreds digit of 444?
4
What is the ten thousands digit of 23077?
2
What is the hundreds digit of 4533?
5
What is the thousands digit of 2011?
2
What is the hundreds digit of 9737?
7
What is the tens digit of 6284?
8
What is the tens digit of 295?
9
What is the tens digit of 84746?
4
What is the units digit of 6744?
4
What is the hundreds digit of 220?
2
What is the thousands digit of 16456?
6
What is the hundreds digit of 1000?
0
What is the tens digit of 14728?
2
What is the thousands digit of 3775?
3
What is the hundred thousands digit of 102052?
1
What is the hundreds digit of 46912?
9
What is the hundreds digit of 986?
9
What is the units digit of 47747?
7
What is the tens digit of 3054?
5
What is the units digit of 132953?
3
What is the ten thousands digit of 70146?
7
What is the hundreds digit of 5027?
0
What is the hundreds digit of 2014?
0
What is the units digit of 567?
7
What is the units digit of 679?
9
What is the units digit of 2711?
1
What is the hundreds digit of 317?
3
What is the hundreds digit of 7182?
1
What is the units digit of 142888?
8
What is the hundreds digit of 740?
7
What is the hundreds digit of 96786?
7
What is the thousands digit of 36707?
6
What is the tens digit of 7425?
2
What is the thousands digit of 108884?
8
What is the thousands digit of 43373?
3
What is the units digit of 6003?
3
What is the hundreds digit of 13511?
5
What is the tens digit of 990?
9
What is the units digit of 14822?
2
What is the tens digit of 828?
2
What is the tens digit of 36401?
0
What is the hundreds digit of 303?
3
What is the tens digit of 7907?
0
What is the thousands digit of 1270?
1
What is the tens digit of 3686?
8
What is the hundreds digit of 57924?
9
What is the hundreds digit of 557?
5
What is the units digit of 2107?
7
What is the hundreds digit of 36759?
7
What is the units digit of 3854?
4
What is the units digit of 11425?
5
What is the units digit of 156?
6
What is the units digit of 3229?
9
What is the units digit of 392?
2
What is the tens digit of 3677?
7
What is the hundreds digit of 445?
4
What is the hundreds digit of 14693?
6
What is the hundreds digit of 974?
9
What is the ten thousands digit of 52389?
5
What is the thousands digit of 1066?
1
What is the units digit of 10509?
9
What is the units digit of 1234?
4
What is the tens digit of 19720?
2
What is the tens digit of 2390?
9
What is the units digit of 505?
5
What is the hundred thousands digit of 124600?
1
What is the ten thousands digit of 68845?
6
What is the units digit of 43574?
4
What is the ten thousands 